{"id":1477,"date":"2019-08-17T15:02:53","date_gmt":"2019-08-17T13:02:53","guid":{"rendered":"https:\/\/ribolovni-pribor.hr\/?page_id=1477"},"modified":"2019-08-22T13:12:22","modified_gmt":"2019-08-22T11:12:22","slug":"lista-zelja","status":"publish","type":"page","link":"https:\/\/ribolovni-pribor.hr\/index.php\/lista-zelja\/","title":{"rendered":"Lista \u017delja"},"content":{"rendered":"\t\t<div data-elementor-type=\"post\" data-elementor-id=\"1477\" class=\"elementor elementor-1477\" data-elementor-settings=\"[]\">\n\t\t\t<div class=\"elementor-inner\">\n\t\t\t\t<div class=\"elementor-section-wrap\">\n\t\t\t\t\t\t\t<section class=\"elementor-element elementor-element-b2000ee elementor-section-boxed elementor-section-height-default elementor-section-height-default elementor-section elementor-top-section\" data-id=\"b2000ee\" data-element_type=\"section\">\n\t\t\t\t\t\t<div class=\"elementor-container elementor-column-gap-default\">\n\t\t\t\t<div class=\"elementor-row\">\n\t\t\t\t<div class=\"elementor-element elementor-element-a1d6d2d elementor-column elementor-col-100 elementor-top-column\" data-id=\"a1d6d2d\" data-element_type=\"column\">\n\t\t\t<div class=\"elementor-column-wrap  elementor-element-populated\">\n\t\t\t\t\t<div class=\"elementor-widget-wrap\">\n\t\t\t\t<div class=\"elementor-element elementor-element-42979d9 elementor-widget elementor-widget-divider\" data-id=\"42979d9\" data-element_type=\"widget\" data-widget_type=\"divider.default\">\n\t\t\t\t<div class=\"elementor-widget-container\">\n\t\t\t\t\t<div class=\"elementor-divider\">\n\t\t\t<span class=\"elementor-divider-separator\"><\/span>\n\t\t<\/div>\n\t\t\t\t<\/div>\n\t\t\t\t<\/div>\n\t\t\t\t<section class=\"elementor-element elementor-element-6d50a0e elementor-section-boxed elementor-section-height-default elementor-section-height-default elementor-section elementor-inner-section\" data-id=\"6d50a0e\" data-element_type=\"section\">\n\t\t\t\t\t\t<div class=\"elementor-container elementor-column-gap-default\">\n\t\t\t\t<div class=\"elementor-row\">\n\t\t\t\t<div class=\"elementor-element elementor-element-ca9164d elementor-column elementor-col-50 elementor-inner-column\" data-id=\"ca9164d\" data-element_type=\"column\">\n\t\t\t<div class=\"elementor-column-wrap  elementor-element-populated\">\n\t\t\t\t\t<div class=\"elementor-widget-wrap\">\n\t\t\t\t<div class=\"elementor-element elementor-element-fe5f8e0 elementor-widget elementor-widget-heading\" data-id=\"fe5f8e0\" data-element_type=\"widget\" data-widget_type=\"heading.default\">\n\t\t\t\t<div class=\"elementor-widget-container\">\n\t\t\t<h2 class=\"elementor-heading-title elementor-size-default\">Va\u0161a lista \u017eelja<\/h2>\t\t<\/div>\n\t\t\t\t<\/div>\n\t\t\t\t\t\t<\/div>\n\t\t\t<\/div>\n\t\t<\/div>\n\t\t\t\t<div class=\"elementor-element elementor-element-c0295b8 elementor-column elementor-col-50 elementor-inner-column\" data-id=\"c0295b8\" data-element_type=\"column\">\n\t\t\t<div class=\"elementor-column-wrap\">\n\t\t\t\t\t<div class=\"elementor-widget-wrap\">\n\t\t\t\t\t\t<\/div>\n\t\t\t<\/div>\n\t\t<\/div>\n\t\t\t\t\t\t<\/div>\n\t\t\t<\/div>\n\t\t<\/section>\n\t\t\t\t<div class=\"elementor-element elementor-element-e4e3267 elementor-widget elementor-widget-jet-wishlist\" data-id=\"e4e3267\" data-element_type=\"widget\" data-widget_type=\"jet-wishlist.default\">\n\t\t\t\t<div class=\"elementor-widget-container\">\n\t\t\t<div class=\"jet-wishlist jet-cw\">\t\t\t\t\t<div class=\"jet-wishlist__content woocommerce\" data-widget-type=\"jet-wishlist\" data-widget-id=\"e4e3267\">\n\t\t\t\t\t<h5 class=\"jet-wishlist-empty\">Na listu \u017eelja nijedan proizvod nije dodan.<\/h5>\n\t\t\t\t\t<\/div>\n\t\t\t\t<\/div>\t\t<\/div>\n\t\t\t\t<\/div>\n\t\t\t\t\t\t<\/div>\n\t\t\t<\/div>\n\t\t<\/div>\n\t\t\t\t\t\t<\/div>\n\t\t\t<\/div>\n\t\t<\/section>\n\t\t\t\t\t\t<\/div>\n\t\t\t<\/div>\n\t\t<\/div>\n\t\t","protected":false},"excerpt":{"rendered":"<p>Va\u0161a lista \u017eelja Mivardi Premium Quattro Chair Dodaj u ko\u0161aricu 539.00&nbsp;kn 510.00&nbsp;kn Mivardi Nuclear Carp 3,90m 3,5lb Dodaj u ko\u0161aricu 579.00&nbsp;kn Daiwa Ninja-x Carp 3,60m 3lb Dodaj u ko\u0161aricu 489.00&nbsp;kn Quantum Radical Warchild III 3,60m 3lb Dodaj u ko\u0161aricu 370.00&nbsp;kn<\/p>\n","protected":false},"author":1,"featured_media":0,"parent":0,"menu_order":0,"comment_status":"closed","ping_status":"closed","template":"elementor_header_footer","meta":[],"_links":{"self":[{"href":"https:\/\/ribolovni-pribor.hr\/index.php\/wp-json\/wp\/v2\/pages\/1477"}],"collection":[{"href":"https:\/\/ribolovni-pribor.hr\/index.php\/wp-json\/wp\/v2\/pages"}],"about":[{"href":"https:\/\/ribolovni-pribor.hr\/index.php\/wp-json\/wp\/v2\/types\/page"}],"author":[{"embeddable":true,"href":"https:\/\/ribolovni-pribor.hr\/index.php\/wp-json\/wp\/v2\/users\/1"}],"replies":[{"embeddable":true,"href":"https:\/\/ribolovni-pribor.hr\/index.php\/wp-json\/wp\/v2\/comments?post=1477"}],"version-history":[{"count":10,"href":"https:\/\/ribolovni-pribor.hr\/index.php\/wp-json\/wp\/v2\/pages\/1477\/revisions"}],"predecessor-version":[{"id":1980,"href":"https:\/\/ribolovni-pribor.hr\/index.php\/wp-json\/wp\/v2\/pages\/1477\/revisions\/1980"}],"wp:attachment":[{"href":"https:\/\/ribolovni-pribor.hr\/index.php\/wp-json\/wp\/v2\/media?parent=1477"}],"curies":[{"name":"wp","href":"https:\/\/api.w.org\/{rel}","templated":true}]}}