{"id":8224,"date":"2020-04-02T22:43:37","date_gmt":"2020-04-02T20:43:37","guid":{"rendered":"https:\/\/ribolovni-pribor.hr\/?post_type=product&#038;p=8224"},"modified":"2021-09-06T10:12:10","modified_gmt":"2021-09-06T08:12:10","slug":"rola-fin-nor-offshore-95-nova","status":"publish","type":"product","link":"https:\/\/ribolovni-pribor.hr\/index.php\/proizvod\/rola-fin-nor-offshore-95-nova\/","title":{"rendered":"ROLA FIN-NOR OFFSHORE 95 NOVA"},"content":{"rendered":"<p>Fin-Nor OffshoreTM su role zami\u0161ljene i kreirane isklju\u010divo kao pravi radni strojevi za beskompromisni ribolov \u0161to postaje potpuno jasno \u010dim se rola prvi puta uzme u ruke. Prvo \u0161to iznenadi je njena te\u017eina. Model OffshoreTM 9500A te\u017ei impresivnih 1102,796 grama \u0161to je poprili\u010dna te\u017eina. No nakon \u0161to se s ru\u010dicom odradi puni krug postaje potpuno jasno da je svaki gram te role tu s debelim razlogom. Snaga koja je osjetna i u tom prvom probnom krugu u trenutku kada se potencijalni kupac prvi puta susre\u0107e s rolom, naprosto impresionira. Sva tradicija lova velikih riba sakupljena od prvih koraka Fin-Nora do danas preto\u010dena je u Fin-Nor OffshoreTM.<\/p>\n","protected":false},"excerpt":{"rendered":"<p>Fin-Nor OffshoreTM su role zami\u0161ljene i kreirane isklju\u010divo kao pravi radni strojevi za beskompromisni ribolov \u0161to postaje potpuno jasno \u010dim se rola prvi puta uzme u ruke. Prvo \u0161to iznenadi je njena te\u017eina. Model OffshoreTM 9500A te\u017ei impresivnih 1102,796 grama \u0161to je poprili\u010dna te\u017eina. No nakon \u0161to se s ru\u010dicom odradi puni krug postaje potpuno [&hellip;]<\/p>\n","protected":false},"featured_media":8225,"comment_status":"open","ping_status":"closed","template":"","meta":[],"_links":{"self":[{"href":"https:\/\/ribolovni-pribor.hr\/index.php\/wp-json\/wp\/v2\/product\/8224"}],"collection":[{"href":"https:\/\/ribolovni-pribor.hr\/index.php\/wp-json\/wp\/v2\/product"}],"about":[{"href":"https:\/\/ribolovni-pribor.hr\/index.php\/wp-json\/wp\/v2\/types\/product"}],"replies":[{"embeddable":true,"href":"https:\/\/ribolovni-pribor.hr\/index.php\/wp-json\/wp\/v2\/comments?post=8224"}],"wp:featuredmedia":[{"embeddable":true,"href":"https:\/\/ribolovni-pribor.hr\/index.php\/wp-json\/wp\/v2\/media\/8225"}],"wp:attachment":[{"href":"https:\/\/ribolovni-pribor.hr\/index.php\/wp-json\/wp\/v2\/media?parent=8224"}],"curies":[{"name":"wp","href":"https:\/\/api.w.org\/{rel}","templated":true}]}}